Let b = 1 - -5. What is the highest common divisor of b and 9?
3
Suppose 6*h - 785 = -5*r + h, -4*h = -4*r + 668. What is the highest common factor of r and 18?
18
Suppose -7 = -v + 2*z, -4*v + 23 = v + 2*z. Let o(g) = g - 2. Let x be o(v). Let f be 25 + x + -4 + 0. What is the highest common factor of f and 60?
12
Suppose -380 - 25 = -15*j. Calculate the greatest common divisor of 18 and j.
9
Suppose -d - 2*d - 9 = 3*w, w + 7 = -2*d. Suppose 2*c + 120 = 4*s + 50, w = -c. Calculate the greatest common divisor of s and 187.
17
Suppose -2*c + 5 = -7*c. Let w = 8 - c. Let g(y) = -9*y - 9. Let l be g(-10). What is the greatest common divisor of l and w?
9
Let l be 4/(-10) - (-274)/10. Let r(j) = -8*j + 4. Let b be r(-4). Suppose -3*k + k = -b. What is the highest common divisor of k and l?
9
Let v(c) be the first derivative of c**3/3 + c**2 + 4*c - 3. Let m be v(-4). Calculate the greatest common divisor of 12 and m.
12
Suppose 0 = -2*n - 0 + 6. Let y be ((-3)/1)/n - -16. What is the highest common factor of 6 and y?
3
Let x = -18 + 68. What is the highest common divisor of 25 and x?
25
Let w(q) = q**3 - q + 36. Let t = 0 - 0. Let a be w(t). What is the greatest common divisor of a and 12?
12
Suppose -2*v + 148 = -90. What is the greatest common divisor of 17 and v?
17
Let w = 11 - 7. Suppose 0 = -l + w + 2. Calculate the greatest common factor of 9 and l.
3
Suppose 3*p - 15 = -3*t - 0*t, -p = 2*t - 10. Let q = p + -1. Let c be 2 + 52 + q/(-1). What is the greatest common divisor of 22 and c?
11
Suppose -p = -3*k - 0*p + 81, -p = -5*k + 135. Calculate the greatest common factor of 189 and k.
27
Suppose 0 = -3*f + 2*f + 125. Calculate the highest common factor of f and 50.
25
Suppose 3*o + 147 = -0*o. Let r = o + 70. What is the highest common divisor of r and 3?
3
Let u(y) = 10 - 2*y - 20*y - 10. Let o be u(-9). What is the greatest common divisor of 22 and o?
22
Suppose -2*x = 2*f + x - 156, 3*f = 3*x + 204. Let r be (-164)/(-9) - 16/f. What is the highest common factor of 162 and r?
18
Suppose 4*n + 10 = -26. Let k = -7 - n. Let u(g) = 6*g - 1. Let z be u(k). What is the greatest common divisor of 99 and z?
11
Suppose 2*o - 48 = 3*z, -z - z = 5*o - 139. Let q(v) = v**2 + v - 2. Let x be q(1). Let d = 18 + x. What is the highest common factor of o and d?
9
Suppose -4*g = -7*w + 2*w - 25, -4*w - 28 = -4*g. Let i be (72/20)/(1/g). Calculate the highest common factor of i and 4.
4
Suppose 3*o = h, h - 4*o - 2 = -3*o. Suppose 33 = h*y + 2*m, 0 = -2*y - 3*m + 37 - 10. Calculate the highest common factor of 18 and y.
9
Let c = -14 + 34. What is the highest common factor of c and 5?
5
Let c = 6 - -3. Suppose -5*t + c*t - 56 = 0. Calculate the highest common divisor of t and 14.
14
Suppose 0 = 4*z + s - 3, 3*s = -3*z - 6 - 3. Let i = 4 - 2. Let k be (-64)/(-10) + i/(-5). Calculate the highest common divisor of k and z.
2
Let p(m) = -9*m - 17. Let i be p(-8). Calculate the greatest common factor of i and 5.
5
Let r = -48 - -64. Calculate the highest common factor of 64 and r.
16
Suppose 8*f + 25 = 9*f. Calculate the highest common divisor of f and 10.
5
Let n(l) = 2*l**2 - 2*l - 1. Let a be n(-1). Suppose -25*q + 1242 - 417 = 0. Calculate the greatest common divisor of q and a.
3
Suppose 5*k - 60 = 30. What is the highest common factor of k and 12?
6
Let m be 736/9 + 6/27. Suppose -2*h + 4*z + m = 0, -4*z - 115 = -6*h + 3*h. Calculate the greatest common divisor of 3 and h.
3
Suppose -3*o = 4*k - 2*k, -7 = k + 5*o. Let l = 5 + -3. Let g = 0 + l. Calculate the highest common divisor of k and g.
1
Let s be (-10)/(-35) - (-246)/21. What is the highest common factor of 36 and s?
12
Suppose -9*o - 9*o = -2736. Calculate the greatest common factor of o and 19.
19
Let m = 3 - -12. Let a be 38/6 - 5/m. What is the highest common divisor of 15 and a?
3
Let n = 42 + -20. Let d be (-3)/(-1) - (2 - 153). What is the greatest common divisor of n and d?
22
Let z = 19 - 10. What is the greatest common divisor of 27 and z?
9
Let q be (-440)/(-16) - (-1)/2. Suppose -2*j = 2*m - q, m - 36 = -3*j - 14. Let g = 15 - m. What is the greatest common factor of 10 and g?
5
Let p be 2/(-6)*(1 - -2). Let s(r) = -r**3 - 4*r**2 + 5*r - 4. Let h be s(-5). Let x be 2 + p + (-32)/h. What is the greatest common divisor of 27 and x?
9
Let s = 1 + 14. Suppose -s*j - 75 = -20*j. Calculate the greatest common factor of j and 165.
15
Let f = 96 - 79. Calculate the greatest common divisor of f and 187.
17
Suppose 3*y + y - 552 = 0. Suppose -5*f + y + 137 = 0. Calculate the greatest common divisor of 22 and f.
11
Suppose x + 4*x = 15. Suppose -2*j - x*y - 21 = j, 0 = j + 5*y + 27. Let u be 66 - -2*1/j. Calculate the greatest common factor of u and 13.
13
Suppose 0 = -z - z. Suppose 3*g = -z*g. Suppose g = y - 2 - 1. Calculate the highest common factor of y and 3.
3
Let x be 13/(-78) - ((-2041)/6 + -1). What is the greatest common factor of x and 31?
31
Let m = 112 - 88. Calculate the greatest common divisor of 216 and m.
24
Suppose -620 = -5*d - 3*m + 919, -5*d - 5*m + 1545 = 0. Suppose 714 = 5*n - d. Let a = n - 96. Calculate the greatest common factor of 18 and a.
18
Let v = 2 + 0. Let z(h) = -5*h - 26. Let y be z(-8). Calculate the highest common factor of v and y.
2
Let t(y) = -160*y + 1. Let o be t(-1). Let j be 163/7 - (-2)/(-7). Calculate the highest common factor of j and o.
23
Let x = 6 - 2. Calculate the highest common divisor of x and 28.
4
Suppose -2*i = -5 + 1. Let r = i + 17. Calculate the highest common factor of 152 and r.
19
Let l = -97 - -167. Calculate the highest common factor of l and 7.
7
Suppose -3*d + 35 = -5*a, d + 35 = -5*a + 3*d. Let t(z) = -3*z - 13. Let i be t(a). What is the greatest common divisor of i and 8?
8
Let a(i) = -i**2 + 16*i - 23. Let o be a(14). What is the highest common divisor of o and 2?
1
Suppose -5*r = -2*r - 105. What is the highest common divisor of r and 5?
5
Let y(k) = 2*k - 19. Let n be y(12). Calculate the greatest common factor of 2 and n.
1
Suppose -4*r + 4*d - 40 = 0, 2*d + 15 = -3*r - 0*d. Let j(x) = -x**3 - 8*x**2 - 8*x - 4. Let g be j(r). Calculate the highest common factor of 3 and g.
3
Let t(s) = 3*s**3 + s**2 - s. Let o be t(1). Suppose 101 = 3*h - q, 2*h - 4*q - 63 - 11 = 0. Calculate the greatest common factor of h and o.
3
Let y(a) = 18*a**2 - 2*a. Let x be y(1). Let k = -10 + x. What is the greatest common divisor of k and 66?
6
Let z(x) = -x**3 - 2*x**2 + x - 1. Let a be z(-2). Let q be -3*2/a + 29. Let t = -18 + q. Calculate the highest common divisor of 26 and t.
13
Let c be (0 + 3/9)/((-6)/(-162)). What is the greatest common factor of 27 and c?
9
Let r(k) = 286*k. Let j be r(1). Calculate the greatest common factor of 26 and j.
26
Let l(n) = n**2 + 10*n - 9. Let t be l(-12). Let s = 2 + 8. What is the highest common divisor of s and t?
5
Suppose -3*j - j = 0. Let d = j - -2. What is the greatest common divisor of d and 3?
1
Let s = -4 - -25. What is the greatest common divisor of s and 7?
7
Let l(i) = -22*i**3 - i**2 - 2*i - 1. Let m be l(-1). Suppose 0 = -0*u + 5*u - 275. Calculate the greatest common factor of u and m.
11
Suppose 81 = 5*g + y, -3 = -g - 5*y + 18. Let q = 72 + g. Calculate the greatest common divisor of 8 and q.
8
Suppose -2*c + 214 - 62 = -5*i, -i + 128 = 2*c. Suppose -26 = -4*k + 18. What is the greatest common divisor of c and k?
11
Suppose 3*z + 4 = -t + 2*t, 3*z = -t + 10. Let w(g) = 0*g + 4 - g + 4. Let q be w(t). Calculate the highest common divisor of 4 and q.
1
Let c(i) = i**2 - i + 5. Let w be c(-5). Calculate the highest common divisor of w and 105.
35
Let o(d) = -2*d**3 + d**2 - 2*d. Let q be o(-2). Calculate the greatest common divisor of q and 16.
8
Let a = -152 + 158. Calculate the highest common divisor of a and 8.
2
Suppose 2*j - j = 36. Calculate the highest common divisor of j and 24.
12
Suppose -42 = -l - 213. Let q = l - -314. Calculate the highest common divisor of 13 and q.
13
Let l = 76 + -16. Calculate the greatest common factor of 15 and l.
15
Suppose 23*j - 543 = 285. Calculate the greatest common divisor of j and 24.
12
Let o(x) = -x**2 + 12*x + 5. Suppose 4*p + i + 27 = 75, p + 1 = 3*i. Let s be o(p). What is the highest common factor of s and 176?
16
Suppose 15 = -j - 4*f